y. Let h(i) = -2*i + 10. Let u be h(y). List the prime factors of (u - (-1 - -18))/(-1).
17
Suppose -2*n - 3*n + 330 = 0. Suppose -2*g + 237 = -r + 47, -r = 0. Let x = g - n. List the prime factors of x.
29
Suppose 0*k + 562 = 2*k - 3*q, 2*k - 566 = 2*q. List the prime factors of k.
7, 41
Suppose 0 = 3*i - 5459 + 1910. List the prime factors of i.
7, 13
Let c = -2114 - -3499. What are the prime factors of c?
5, 277
Let p be (-550)/35 - 4/14. List the prime factors of 6*4/p*(-6)/3.
3
Suppose -63*t - 1585 = -68*t. What are the prime factors of t?
317
Let z(y) = y**3 + 12 - 4*y - 3*y + 10*y**2 - 6. Let s be z(-9). Suppose 3*a = -2*j + 43, 5*j - 5*a - s = -4*a. List the prime factors of j.
29
List the prime factors of 933*-1*-2*(-3)/(-18).
311
Suppose 3*g - 1923 = -15*h + 10*h, 0 = -g + 1. What are the prime factors of h?
2, 3
Let i be (-5)/2*(-256)/10. What are the prime factors of 912/i - 2/8?
2, 7
Let b(t) be the first derivative of -2*t**2 - 1/2*t**4 - 2/3*t**3 - 3*t - 5. What are the prime factors of b(-2)?
13
Suppose y + o - 437 = 81, 3 = o. List the prime factors of y.
5, 103
Let w(l) = l**2 - 2*l + 1. Let b = -27 - -31. What are the prime factors of w(b)?
3
Let o = 12 - 10. What are the prime factors of (-3 + o)/((-5)/420)?
2, 3, 7
Suppose -3*x = x - 20. Let k(n) = 2*n**3 - 7*n**2 - 2*n + 7. Let d be k(x). Suppose 4*h = h + d. List the prime factors of h.
2, 3
Let f be -9*4/8*-2. Suppose 0 = -w + f - 3. What are the prime factors of (-3 + 0)/(w/(-26))?
13
Let n(i) be the second derivative of -9*i**3 + 2*i**2 + 37*i. What are the prime factors of n(-3)?
2, 83
Suppose -3*y - 75 = -d, -2*d + 37 = -2*y - 113. List the prime factors of 487/5 - (-5)/(d/(-6)).
97
Let u be ((-16)/(-10))/((-2)/10). Let l(d) = 6*d - 3. Let r be l(4). Let o = r + u. What are the prime factors of o?
13
Let q(t) = 1337*t**2 + 9*t + 6. List the prime factors of q(-1).
2, 23, 29
List the prime factors of ((-5)/(80/(-28)))/((-23)/(-17112)).
2, 3, 7, 31
Let n(h) = 3*h**2 + 52*h - 173. What are the prime factors of n(18)?
5, 347
Suppose -5*z - 3*v + 3 = 0, z - v + 3 = 2*v. Suppose 0 = -6*g + 14 + 4. Suppose 2*n = 5*y - n - 28, -g*y + 2*n + 16 = z. What are the prime factors of y?
2
Let l(f) be the first derivative of f**4/12 - 2*f**3 + f**2 - 2*f - 4. Let d(y) be the first derivative of l(y). List the prime factors of d(13).
3, 5
Suppose 1698 - 349 = s. Suppose 0 = 6*d + 11 - s. List the prime factors of d.
223
Suppose -y = -2, -4*g - 5*y + 4*y + 42 = 0. What are the prime factors of (40 + g)*(1 - 3/(-2))?
5
Let w be -2 + 1 - (-2 + -3). What are the prime factors of (3/4*-2)/(w/(-304))?
2, 3, 19
Suppose 7*g - 16083 = -3315. List the prime factors of g.
2, 3, 19
Suppose 0 = -r - 3*r + 12. Suppose -312 = -0*i - r*i. What are the prime factors of i?
2, 13
Let d = 1735 - 668. What are the prime factors of d?
11, 97
Let f(c) = -c**2 + c - 1. Let b(s) = -s**2 + 3*s + 68. Let l(w) = b(w) - 2*f(w). List the prime factors of l(0).
2, 5, 7
Suppose -8*b + 7 = -9. Suppose -2*j - 4*o - o + 131 = 0, -b*j + 122 = -4*o. List the prime factors of j.
3, 7
Let t(n) = -n**2 + 11*n - 9. Let f = 17 - 7. Let w be t(f). List the prime factors of w/((-3)/(-3 + -21)).
2
Suppose -5*q = 2*c - 6*c - 543, 4*c + 525 = -q. Let j = -186 - c. Let p = 92 + j. List the prime factors of p.
2, 19
Let q be 3/(-1) + (16 - 7). Let k be 26/39*(1 + -4). Let b = k + q. What are the prime factors of b?
2
Suppose 0 = -9*z + 15370 + 5843. List the prime factors of z.
2357
Let z(a) = a**3 - 13*a**2 - 8*a - 45. List the prime factors of z(15).
3, 5, 19
Let h(o) = 3*o - 1. Let k be h(-1). Let l = -2 - k. List the prime factors of l - 17/(-1)*1.
19
Suppose 14*s = 6737 + 529. What are the prime factors of s?
3, 173
Let m(c) = -c**3 + 5*c**2 + 7*c - 3. Let t be m(6). Suppose 5*z - t*z - u = 31, -48 = -3*z + 3*u. What are the prime factors of z?
3, 5
Let i be (-138)/42 + (-4)/(-14). Let y = 7 + i. Suppose -v - 45 - 153 = -y*b, 0 = 4*b - 4*v - 204. List the prime factors of b.
7
Suppose -4*n + 3*n = y - 5600, -5*n = -5*y + 28000. What are the prime factors of y?
2, 5, 7
Suppose -30*i = -31*i - 13. Let f = 21 - i. List the prime factors of f.
2, 17
Suppose 0 = m - 4*w - 24, m + 32 = 4*m - 4*w. Suppose 4*n = -5*s + 10, -s + 3*s - m = n. Suppose 12 = -4*k, 205 = 5*y - s*k + 74. List the prime factors of y.
5
Let x = 12 - 12. Let g be x*4/(-16) - -3. Suppose -g*l + 0*l + 81 = h, 53 = 2*l + h. List the prime factors of l.
2, 7
Let i = 16 + -10. Suppose 4*l + 15 = i*x - x, 3*x - 3*l = 12. What are the prime factors of -23*(-1 - (-1 - x))?
23
Let o(h) = 5*h + 4*h + 11 - 9. List the prime factors of o(8).
2, 37
Let u(c) = -c**2 + 11*c - 20. Let n be u(9). Let s(m) be the third derivative of -m**4/8 + m**3/6 - 3*m**2. What are the prime factors of s(n)?
7
Suppose 1885 = 5*g + 3*y, -g - g + 754 = -y. Let c = -259 + g. What are the prime factors of c?
2, 59
Let t = -816 + 1548. Suppose t = f + 3*f. List the prime factors of f.
3, 61
Let y = 93 + -93. Suppose 4*w = -2*t + 3 + 5, -4 = -t. Suppose y = -5*j - w*j + 105. List the prime factors of j.
3, 7
Let f be 3*(22/(-6) - -4). Let y(z) = 19*z - 3. List the prime factors of y(f).
2
Let z(k) = -14 - 7 + 9*k + 10*k. What are the prime factors of z(6)?
3, 31
Suppose -36 = -16*k + 7*k. Suppose 2 = -2*t + 6. Suppose 4*m - 3*f - t*f = 35, 0 = 2*m - k*f - 10. List the prime factors of m.
3, 5
Let w(t) be the third derivative of t**6/120 + 7*t**5/60 - t**3/3 - 6*t**2. Let r be w(-7). What are the prime factors of (-3)/r*-2 + 28?
5
Let o = 160 - 76. List the prime factors of o.
2, 3, 7
Let f be (51/(-6))/((-2)/(-4)). Let o(l) = -2*l**3 + l - 2. Let h(s) = 13*s**3 + 16*s**2 - 23*s + 29. Let x(r) = h(r) + 6*o(r). List the prime factors of x(f).
17
What are the prime factors of 11/22 - ((-1679)/2 - 2)?
2, 421
Suppose -98*r = -100*r + 4*i + 7448, -2*r + 3*i = -7446. What are the prime factors of r?
2, 3, 5, 31
Suppose 0 = 4*z - z. Suppose -k + 15*u - 14*u + 199 = z, 3*k = 4*u + 602. What are the prime factors of k?
2, 97
Let g = 63 - 112. Let k = 75 + g. Suppose 5*l - k = -2*h, -4*l + 6*h + 4 = 2*h. List the prime factors of l.
2
List the prime factors of (-2 + 1)/(4 - 1)*-87.
29
Suppose 3*d = 4*d - 9. Let g be (-30)/2*(-3)/d. List the prime factors of g + -3 - -4 - 1.
5
Let a(z) = z**2 + 2*z. Suppose 9 = 4*b + 1. Let t be a(b). Suppose -r + t*r - 21 = 0. What are the prime factors of r?
3
Let y(w) = 3*w + 13. Suppose 0*o - 4*o = 12. Let r be y(o). List the prime factors of 7 - -1*(r + -3).
2
Let q(v) = -v**3 - v**2 + 2*v - 1. Let k be q(2). Let s(p) = 3*p + 14. Let z be s(k). List the prime factors of (-559)/z - (1 + -1).
43
Let k(j) = -j**3 - 7*j**2 + 23*j + 20. What are the prime factors of k(-16)?
2, 3, 163
Let g = 4 - 6. Suppose j + 59 = 15. List the prime factors of (g - -1) + (-3 - j).
2, 5
Let j(t) = -2*t**3 + 3*t - 8. What are the prime factors of j(-7)?
3, 73
Suppose -2*w - 4*h - 96 = w, 64 = -2*w + 3*h. Let p = w - -64. Let v = -13 + p. What are the prime factors of v?
19
Let v(p) = -12*p**3 - 2*p**2 - 5*p + 7. Let d be v(2). Let j = 146 + d. List the prime factors of j.
3, 13
Let u(d) = 17*d**2 - 9*d + 77. List the prime factors of u(-8).
1237
Let y be -1 - (-55)/10*20. Suppose 5*v + 0*v + 27 = 4*m, 5*m - 5*v = 30. Suppose -2*q - m*t + t + 56 = 0, 4*q + 5*t = y. List the prime factors of q.
31
Suppose 12*t = 8789 + 4147. What are the prime factors of t?
2, 7, 11
Let t(x) = 5*x**2 - 9*x - 2. Let v(y) = 5*y**3 - y**2 + 1. Let c be v(1). Let r be ((-100)/(-15))/c*3. What are the prime factors of t(r)?
2, 3, 7
Suppose 4*q + 5334 = -5*p + 25627, p + 5*q - 4067 = 0. List the prime factors of p.
4057
Let c(k) = -7*k + 10. Let r be c(4). Let x = 30 + r. List the prime factors of x.
2, 3
Let x be -4*1*(-4)/8. Suppose -t + x*k + 40 + 2 = 0, -4*t + 5*k + 180 = 0. Suppose -t = -10*r + 5*r. List the prime factors of r.
2, 5
Let z(i) = 2*i - 5. Let r be z(4). Suppose -r*g = 2*g - 15. Suppose g*s - 39 = 2*t + t, -4*s = 3*t - 45. List the prime factors of s.
2, 3
Suppose -4*c - 430 = -2*b, 4*b + 4*c - c = 860. Suppose 0 = 5*q - b - 5. Suppose -g + h = -q + 15, -g = 5*h - 53. List the prime factors of g.
3, 11
Let c be ((-38)/(-5) - 0)*(40 - 45). What are the prime factors of (-18)/5*(1 + -3 + c)?
2, 3
